{"id":1016,"date":"2019-11-28T14:54:20","date_gmt":"2019-11-28T13:54:20","guid":{"rendered":"http:\/\/viktor-ge.org\/?page_id=1016"},"modified":"2019-11-28T15:18:47","modified_gmt":"2019-11-28T14:18:47","slug":"goethe-als-herme","status":"publish","type":"page","link":"https:\/\/viktor-ge.org\/?page_id=1016","title":{"rendered":"Goethe als Herme"},"content":{"rendered":"\n[et_pb_section fb_built=&#8220;1&#8243; fullwidth=&#8220;on&#8220; _builder_version=&#8220;3.25.4&#8243; global_module=&#8220;181&#8243; saved_tabs=&#8220;all&#8220; fb_built=&#8220;1&#8243; _i=&#8220;0&#8243; _address=&#8220;0&#8243;][et_pb_fullwidth_image src=&#8220;http:\/\/wp.viktor-ge.org\/wp-content\/uploads\/2019\/07\/header1.png&#8220; _builder_version=&#8220;3.25.4&#8243; _i=&#8220;0&#8243; _address=&#8220;0.0&#8243;][\/et_pb_fullwidth_image][\/et_pb_section][et_pb_section fb_built=&#8220;1&#8243; _builder_version=&#8220;3.25.4&#8243; background_color=&#8220;#606060&#8243; width=&#8220;100%&#8220; max_width=&#8220;100%&#8220; fb_built=&#8220;1&#8243; _i=&#8220;1&#8243; _address=&#8220;1&#8243; min_height=&#8220;540px&#8220;][et_pb_row _builder_version=&#8220;3.29.3&#8243; column_structure=&#8220;1_3,1_3,1_3&#8243; min_height=&#8220;376px&#8220; custom_margin=&#8220;|auto|-96px|auto||&#8220; custom_padding=&#8220;||0px||false|false&#8220; hover_enabled=&#8220;0&#8243;][et_pb_column _builder_version=&#8220;3.29.3&#8243; type=&#8220;1_3&#8243; hover_enabled=&#8220;0&#8243;][et_pb_image src=&#8220;http:\/\/viktor-ge.org\/wp-content\/uploads\/2019\/07\/VG_Goethe.jpg&#8220; _builder_version=&#8220;3.29.3&#8243; hover_enabled=&#8220;0&#8243;][\/et_pb_image][\/et_pb_column][et_pb_column _builder_version=&#8220;3.29.3&#8243; type=&#8220;1_3&#8243;][et_pb_text _builder_version=&#8220;3.29.3&#8243; hover_enabled=&#8220;0&#8243;]<p><span style=\"color: #ffffff;\">\u00dcber Goethe und seine Frauen wurden schon viele B\u00fccher geschrieben, Dissertationen verfasst, Filme gedreht. Ganze Generationen von Lesern zerbrachen sich den Kopf \u00fcber sein Verh\u00e4ltnis zur Frau von Stein. (Hat er oder hat er nicht?) Oder war es vielleicht doch die Herzogin Anna Amalia ? Was hielt ihn an Christiane Vulpius, zu der er sich nie bekannte ? War es nur ihre erotische Ausstrahlung ? Man wird es wohl nie ganz erfahren.<\/span><\/p>\n[\/et_pb_text][\/et_pb_column][et_pb_column _builder_version=&#8220;3.29.3&#8243; type=&#8220;1_3&#8243;][et_pb_image src=&#8220;http:\/\/viktor-ge.org\/wp-content\/uploads\/2019\/07\/Goethe_in_Graubuenden.jpg&#8220; _builder_version=&#8220;3.29.3&#8243; hover_enabled=&#8220;0&#8243; transform_scale=&#8220;76%|76%&#8220; transform_translate=&#8220;15px|-93px&#8220;][\/et_pb_image][\/et_pb_column][\/et_pb_row][et_pb_row _builder_version=&#8220;3.29.3&#8243; column_structure=&#8220;3_4,1_4&#8243; min_height=&#8220;340px&#8220;][et_pb_column _builder_version=&#8220;3.29.3&#8243; type=&#8220;3_4&#8243;][et_pb_text _builder_version=&#8220;3.29.3&#8243; hover_enabled=&#8220;0&#8243;]<div>\n<p class=\"align-justify\"><span style=\"color: #ffffff;\">Auch diese Herme-Skulptur kann dazu keine schl\u00fcssigen Antworten, aber wenigstens Denkanst\u00f6\u00dfe geben.<\/span><\/p>\n<\/div>\n<div>\n<p class=\"align-justify\"><span style=\"color: #ffffff;\">Im alten Griechenland wurden wichtige Pers\u00f6nlichkeiten, Philosophen, Politiker, K\u00fcnstler als \u201eHerme\u201c dargestellt, das hei\u00dft eine Stele mit B\u00fcste und erigiertem Penis. Je wuchtiger der Phallus, desto wichtiger die Person. Urspr\u00fcnglich war dies eine Darstellung des G\u00f6tterboten Hermes &#8211; daher der Name. In jedem Fall sieht man daran, dass die alten Griechen im Gegensatz zu unserer heutigen Kultur christlicher Pr\u00e4gung, ein wesentlich freieres Verh\u00e4ltnis zur Sexualit\u00e4t hatten. An Wegkreuzungen oder entlang einer Grundst\u00fccksgrenze wurden solche Skulpturen aufgestellt. Manche dienten dabei einfach als Zaunpfahl. In den Aussparungen an den Seiten steckten die Querbalken.<\/span><\/p>\n<\/div>\n[\/et_pb_text][\/et_pb_column][et_pb_column _builder_version=&#8220;3.29.3&#8243; type=&#8220;1_4&#8243;][et_pb_image src=&#8220;http:\/\/viktor-ge.org\/wp-content\/uploads\/2019\/07\/P1060672.jpg&#8220; _builder_version=&#8220;3.29.3&#8243; hover_enabled=&#8220;0&#8243; transform_translate=&#8220;-26px|-68px&#8220; transform_scale=&#8220;104%|104%&#8220;][\/et_pb_image][\/et_pb_column][\/et_pb_row][et_pb_row _builder_version=&#8220;3.29.3&#8243; column_structure=&#8220;2_3,1_3&#8243; min_height=&#8220;281px&#8220; make_equal=&#8220;on&#8220; hover_enabled=&#8220;0&#8243;][et_pb_column _builder_version=&#8220;3.29.3&#8243; type=&#8220;2_3&#8243;][et_pb_text _builder_version=&#8220;3.29.3&#8243; hover_enabled=&#8220;0&#8243;]<p><span style=\"color: #ffffff;\">Ob Goethe selbst sich mit einer Portraitdarstellung als Herme h\u00e4tte identifizieren k\u00f6nnen, bleibt offen. Er war jedenfalls ein gro\u00dfer Bewunderer der Antike, obwohl er sich am Ende seines Lebens wieder mehr zur katholisch &#8211; christlichen Weltanschauung zuwandte, wie er es ja auch am Schlu\u00df seines Faust zur Geltung brachte. Die 4 Stufen des Weiblichen vor dem legend\u00e4ren \u201eChorus Mysticus\u201c am Ende des Faust II, sprechen jedenfalls eine sehr deutliche Sprache! Goethe, der Frauenheld, der sogar seine eigene Gattin vor der \u00d6ffentlichkeit versteckte, wendet sich pl\u00f6tzlich an die sogenannte Jungfrau Maria. Eine Plattit\u00fcde, die f\u00fcr moderne Menschen schwer nachvollziehbar ist. Der Text : \u201eJungfrau, Mutter, K\u00f6nigin, G\u00f6ttin\u201c wurde auf der Herme in Goethes eigener Handschrift gemei\u00dfelt.<\/span><\/p>\n[\/et_pb_text][\/et_pb_column][et_pb_column _builder_version=&#8220;3.29.3&#8243; type=&#8220;1_3&#8243;][et_pb_image src=&#8220;http:\/\/viktor-ge.org\/wp-content\/uploads\/2019\/07\/Goethe-3web.jpg&#8220; _builder_version=&#8220;3.29.3&#8243; transform_scale=&#8220;73%|73%&#8220; transform_translate=&#8220;21px|-198px&#8220; hover_enabled=&#8220;0&#8243;][\/et_pb_image][\/et_pb_column][\/et_pb_row][et_pb_row _builder_version=&#8220;3.29.3&#8243; column_structure=&#8220;2_3,1_3&#8243; min_height=&#8220;440px&#8220; custom_padding=&#8220;6px|||||&#8220;][et_pb_column _builder_version=&#8220;3.29.3&#8243; type=&#8220;2_3&#8243;][et_pb_text _builder_version=&#8220;3.29.3&#8243; hover_enabled=&#8220;0&#8243;]<div>\n<p class=\"align-justify\"><span style=\"color: #ffffff;\">Auf der rechten Seite der Skulptur befindet dich eine Skizze der Urpflanze, die ihr Fortpflanzungsorgan, ihre Bl\u00fcte der Sonne entgegen reckt. Das Portrait geht auf eine Maske zur\u00fcck die sich Goethe 1807 im Alter von 58 Jahren vom Bildhauer Karl Gottlieb Wei\u00dfer abnehmen lie\u00df. Goethe war f\u00fcr die damalige Zeit ein recht gro\u00dfer Mann, 1,76 Meter. Der Betrachter kann, wenn er sich auf den kleinen Sockel vor der Herme stellt, dem Dichter auf gleicher H\u00f6he gegen\u00fcbertreten.<\/span><\/p>\n<\/div>\n<div>\n<p class=\"align-justify\"><span style=\"color: #ffffff;\">Noch eine Schlussbemerkung zum Cockring an Goethes Glied. Aber dazu soll der alte Geheimrat selbst zu Wort kommen, der ja in manchen Gedichten sogar humorvoll sein konnte :<\/span><\/p>\n<\/div>\n<div><\/div>\n<div>\n<p><span style=\"color: #ffffff;\">Gerne der Zeiten gedenk\u2019 ich,<\/span><\/p>\n<\/div>\n<div>\n<p><span style=\"color: #ffffff;\">Da all meine Glieder gelenkig\u00a0<\/span><\/p>\n<\/div>\n<div>\n<p><span style=\"color: #ffffff;\">Bis auf eins.<\/span><\/p>\n<\/div>\n<div>\n<p><span style=\"color: #ffffff;\">Die Zeiten kehren nie wieder,<\/span><\/p>\n<\/div>\n<div>\n<p><span style=\"color: #ffffff;\">Steif sind all meine Glieder<\/span><\/p>\n<\/div>\n<div>\n<p><span style=\"color: #ffffff;\">Bis auf eins.<\/span><\/p>\n<\/div>\n[\/et_pb_text][\/et_pb_column][et_pb_column _builder_version=&#8220;3.29.3&#8243; type=&#8220;1_3&#8243;][et_pb_image src=&#8220;http:\/\/viktor-ge.org\/wp-content\/uploads\/2019\/07\/Goethe-3web.jpg&#8220; _builder_version=&#8220;3.29.3&#8243; hover_enabled=&#8220;0&#8243;][\/et_pb_image][\/et_pb_column][\/et_pb_row][\/et_pb_section]\n","protected":false},"excerpt":{"rendered":"<p>\u00dcber Goethe und seine Frauen wurden schon viele B\u00fccher geschrieben, Dissertationen verfasst, Filme gedreht. Ganze Generationen von Lesern zerbrachen sich den Kopf \u00fcber sein Verh\u00e4ltnis zur Frau von Stein. (Hat er oder hat er nicht?) Oder war es vielleicht doch die Herzogin Anna Amalia ? Was hielt ihn an Christiane Vulpius, zu der er sich [&hellip;]<\/p>\n","protected":false},"author":3,"featured_media":0,"parent":0,"menu_order":0,"comment_status":"closed","ping_status":"closed","template":"","meta":{"_et_pb_use_builder":"on","_et_pb_old_content":"","_et_gb_content_width":"","footnotes":""},"class_list":["post-1016","page","type-page","status-publish","hentry"],"_links":{"self":[{"href":"https:\/\/viktor-ge.org\/index.php?rest_route=\/wp\/v2\/pages\/1016"}],"collection":[{"href":"https:\/\/viktor-ge.org\/index.php?rest_route=\/wp\/v2\/pages"}],"about":[{"href":"https:\/\/viktor-ge.org\/index.php?rest_route=\/wp\/v2\/types\/page"}],"author":[{"embeddable":true,"href":"https:\/\/viktor-ge.org\/index.php?rest_route=\/wp\/v2\/users\/3"}],"replies":[{"embeddable":true,"href":"https:\/\/viktor-ge.org\/index.php?rest_route=%2Fwp%2Fv2%2Fcomments&post=1016"}],"version-history":[{"count":9,"href":"https:\/\/viktor-ge.org\/index.php?rest_route=\/wp\/v2\/pages\/1016\/revisions"}],"predecessor-version":[{"id":1038,"href":"https:\/\/viktor-ge.org\/index.php?rest_route=\/wp\/v2\/pages\/1016\/revisions\/1038"}],"wp:attachment":[{"href":"https:\/\/viktor-ge.org\/index.php?rest_route=%2Fwp%2Fv2%2Fmedia&parent=1016"}],"curies":[{"name":"wp","href":"https:\/\/api.w.org\/{rel}","templated":true}]}}